are the prime factors of m?
2, 3
Let k(g) = -251*g - 10. What are the prime factors of k(-1)?
241
Suppose 31*x - 65 = 865. List the prime factors of x.
2, 3, 5
Suppose -4*a = -5*a - 22. Let y = a + 15. Let m = -1 - y. What are the prime factors of m?
2, 3
Suppose -24*u + 23*u + 12 = 0. Suppose 3*d = -n + 2*d + 88, 0 = -3*d - u. Suppose -4*m - j = -169, -m = m + 2*j - n. What are the prime factors of m?
41
Suppose -6 = -2*r + 2, 0 = t - 4*r - 89. Let c = -4 + t. Let s = c + -56. List the prime factors of s.
3, 5
Let i = 44 + -41. Suppose -2*v = -n - 96, -n = i*v + 3*n - 155. List the prime factors of v.
7
Suppose 5*t - 13 = i, -4*i - 5*t + 24 = -6*t. Let h(c) = 36*c + 25. What are the prime factors of h(i)?
277
List the prime factors of 198303/56 + (-2)/16.
3541
Suppose 0 = -5*v - 51 + 491. Suppose d - v = 5*n, 232 = 4*d - d + n. List the prime factors of d.
2, 3, 13
Let m(n) be the third derivative of -11*n**4/12 + n**3/3 + 3*n**2 - 42. Let i(j) = -3*j + 1. Let p be i(1). What are the prime factors of m(p)?
2, 23
Suppose 546 = 4*w + 2*m, -3*w + 350 + 66 = -5*m. Let o = 110 + w. List the prime factors of o.
13, 19
Let i(f) = f**2 + 3*f + 9. Let h be i(-3). Suppose -2*w = 1 - h. Suppose 3*y - 103 = y - p, 3*p - 205 = -w*y. List the prime factors of y.
2, 13
Let d = 0 - -5. Let q = 8 + 43. Suppose -16 = -f - u, -d*f - 2*u + q = -23. List the prime factors of f.
2, 7
Let y = 54 - -99. List the prime factors of y.
3, 17
Let k(x) = -150*x - 22. List the prime factors of k(-3).
2, 107
Suppose 2*r - 2*q = 46 - 8, 3*q + 43 = 2*r. List the prime factors of 724/r + (-8)/(-28).
2, 13
Let j = -888 - -1325. List the prime factors of j.
19, 23
Let f = 103 - 61. What are the prime factors of f?
2, 3, 7
List the prime factors of (501/6)/((-8)/(-80)).
5, 167
Let j = 1698 + 337. What are the prime factors of j?
5, 11, 37
Let u(l) = 21*l**2 + 2*l + 14. List the prime factors of u(5).
3, 61
Suppose 324 = -7*v + 2613. What are the prime factors of v?
3, 109
Let n(w) = -1304*w - 8. List the prime factors of n(-2).
2, 5, 13
Let l = -11 - -13. Let k(p) = p - 1. Let t(h) = 2*h + 1. Let s(q) = l*k(q) + t(q). List the prime factors of s(8).
31
Let f = -993 - -1938. Suppose 5*j - f = -u, 1206 = 5*j - 5*u + 261. What are the prime factors of j?
3, 7
Suppose 208 = -8*g - 560. Let f = -22 - g. What are the prime factors of f?
2, 37
Suppose -1911 - 5913 = -48*q. What are the prime factors of q?
163
Suppose -76*d = -80*d + 584. What are the prime factors of d + 1 + -3*1?
2, 3
Let v be -2*((-12)/(-2))/(-3). Let a be 40 - ((5 - v) + 0). Let b = 92 - a. List the prime factors of b.
53
Let a(u) = 4309*u**2 - 23*u + 3. What are the prime factors of a(1)?
4289
Let n(l) = -l**3 + 4*l**2 + 4*l. Let z be n(5). Let j be -10 - 3 - (4 + z). List the prime factors of ((-58)/(-4))/((-3)/j).
2, 29
Let o be (4/(-6) - 1)*-18. Suppose 55 = 5*x - 5*b, -2 = -4*b - 10. Suppose a = -x + o. What are the prime factors of a?
3, 7
Suppose -3*m - 2*h = -8, 3*m = -4*h + 5 + 11. Suppose m = -6*r + 4*r + 46. List the prime factors of r.
23
Suppose -4*b + b = 0. Suppose 11*p - 6*p - 45 = b. Suppose 2*u + u - p = 0. List the prime factors of u.
3
Let o = 6869 + -4723. What are the prime factors of o?
2, 29, 37
Suppose 9*k = 4*k - 50. Let s = k - -91. What are the prime factors of s?
3
Let c = 26 - 9. Suppose 6 = 4*r - 2*r. Suppose 4*q - c = -0*q - r*z, -4*q + 27 = z. List the prime factors of q.
2
Let n(m) = 2*m + 28. Suppose -5*q + 13 = d, -5*q - d + 1 = -4*q. List the prime factors of n(q).
2, 17
Suppose 6*i - 12 = 2*i. Let j(o) = -9*o - 4 + i + 7*o. What are the prime factors of j(-9)?
17
Suppose 2*m + 60 + 324 = 2*u, 0 = -u - m + 190. What are the prime factors of u?
191
Let i(u) be the second derivative of -11*u**3/6 + 2*u**2 + 10*u. What are the prime factors of i(-7)?
3
Suppose -d + 12 = 8. Suppose 4*o = 4*n + 959 - 215, -712 = -4*o - d*n. List the prime factors of o.
2, 7, 13
Let z = 62 + -67. Let r(t) = 9*t**2 - 6*t - 54. List the prime factors of r(z).
3, 67
Suppose 125*r - 136*r = -43428. List the prime factors of r.
2, 3, 7, 47
Suppose 3*f - 9 = 0, -2*f = -2*n - 0*f + 3622. What are the prime factors of n?
2, 907
Let m(v) = 15 - v**3 + 37*v - 8*v - 57*v**2 + 76*v**2. List the prime factors of m(20).
3, 5, 13
Let z be -2*(-122)/8*2. Let o = -57 + z. List the prime factors of o.
2
Suppose 0 = 10*y + 13251 - 33471. List the prime factors of y.
2, 3, 337
Let x(g) = 2*g**2 + 9*g + 15. Let o(p) = -p**3 - 10*p**2 - 7*p + 13. Let n be o(-9). List the prime factors of x(n).
2, 5
Let w(q) = 5*q - q**2 - 3*q + 5*q - 5*q + 15*q**3 - 2. Let u be w(2). Suppose -2*v - 5*b = -6*v + u, 0 = 3*v + 2*b - 77. List the prime factors of v.
3
Let t(g) = g**3 + 3*g**2 + 2*g + 11. List the prime factors of t(-3).
5
Let z be 90/105*(-14)/(-2). What are the prime factors of 704/(-12)*(-9)/z?
2, 11
Let h(o) = o + 6. Let f(d) = -3*d - 2. Let l be f(-9). Suppose -4*r = -2*i - i + 7, 0 = -3*i - 4*r - l. What are the prime factors of h(i)?
3
Let v(w) = 56*w + 17. What are the prime factors of v(5)?
3, 11
Let r = -454 + 725. List the prime factors of r.
271
What are the prime factors of 790/(-1)*(-8 + -12 + 18)?
2, 5, 79
Let w = -574 + 3396. What are the prime factors of w?
2, 17, 83
Suppose l = -4*l + t + 3644, l = -4*t + 712. List the prime factors of l.
2, 7, 13
Let k = 16 - 13. Suppose k*q - 8*q - 3*s - 3 = 0, 3*q - 5*s + 29 = 0. Let c(h) = -h**2 - 5*h. List the prime factors of c(q).
2, 3
Suppose r + 17 = -4*t, 5*r - 2*t - 31 + 6 = 0. Suppose -r*n + 14 + 425 = -y, -4*n + 586 = -2*y. What are the prime factors of n?
2, 73
Let q(r) = 2*r + 2. Let w be (-4)/16 + (-50)/(-8). Suppose 0 = -3*h + 2*n + 16, 2*h = n + w + 5. What are the prime factors of q(h)?
2, 7
Suppose 0 = -14*k - 3036 + 21684. List the prime factors of k.
2, 3, 37
What are the prime factors of ((-17184)/144)/((-4)/18 - 0)?
3, 179
Let p(d) = -d - 9. Let f be p(-4). Let y = f - 19. Let g = 49 + y. List the prime factors of g.
5
Let j = 1732 + -756. What are the prime factors of j?
2, 61
Let n be (-13 + 12)/(1/31) - -3. What are the prime factors of (0 - n)*441/42?
2, 3, 7
Let w(d) be the third derivative of -d**6/120 + d**5/4 + d**4/24 + 5*d**3/6 - 2*d**2. Suppose -4*r + 35 = -25. What are the prime factors of w(r)?
2, 5
Let n(q) = -19*q + 6. Suppose -25 = 4*f - 2*x - 3*x, -f - 19 = 3*x. What are the prime factors of n(f)?
2, 7
Let b(h) = 3*h**2 - 29*h - 15. What are the prime factors of b(13)?
5, 23
Suppose 0*i + 5*g = i + 10, -4*i - 3*g = 63. What are the prime factors of 266/6 - (-5)/i?
2, 11
Suppose 4*k - 2*l - 3030 = 1418, -5555 = -5*k + 5*l. List the prime factors of k.
3, 7, 53
Let r be (-10)/(-3)*((17 - 0) + -2). Let w = -35 + r. List the prime factors of w.
3, 5
Let q(s) = -109*s + 29. What are the prime factors of q(-5)?
2, 7, 41
Let k = -7 - -9. Suppose -14 + k = 4*c. Let f = c + 19. What are the prime factors of f?
2
Let g = 12 - 34. Let y = g + 59. List the prime factors of y.
37
Suppose 9*t = -2702 + 11. Let r = -176 - t. List the prime factors of r.
3, 41
Let t(h) be the second derivative of -h**4/6 + 5*h**3/6 + h**2/2 + 14*h. Let f be t(5). What are the prime factors of f/56 + (-507)/(-7)?
2, 3
Let r(b) = 27*b - 2. Let m be r(-1). Suppose 0 = 4*t + 178 + 38. Let h = m - t. What are the prime factors of h?
5
Let s = 19 + -11. Let u(h) = h**3 - 8*h**2 + 13*h - 11. List the prime factors of u(s).
3, 31
Let w(g) be the first derivative of g**3/3 + g**2/2 + 3*g + 33. Suppose j - 13 = -2*j - 2*n, 4*n + 1 = 3*j. What are the prime factors of w(j)?
3, 5
Suppose -3 = -8*d + 13. Suppose 64 = d*t - 362. What are the prime factors of t?
3, 71
Suppose 3*d - 5*p - 23 = -3, 2*p = -8. Suppose -600 = -4*w + 2*y, d*w + 4*y = -w + 141. What are the prime factors of w?
149
Let a(f) = 165*f**2 + 8*f - 10. List the prime factors of a(2).
2, 3, 37
Let z(o) = -2*o**3 - 14*o**2 + 6*o - 37. What are the prime factors of z(-15)?
23, 151
Let l = 29 + -17. Let c be l/(-18) + (-17)/(-3). List the prime factors of c - 6 - -10*1.
3
Suppose 7*o = 6*o. Suppose -8 = -4*u - 0*u, o = -3*c - u + 68. Suppose -c = -t - t. List the prime factors of t.
11
Suppose -3*f + 1063 = a, -a - 24 - 329 = -f. What are the prime factors of f?
2, 3, 59
Suppose 0 = -12*v + 86 - 2. Suppose v*c + 6 